{"id":2321,"date":"2025-03-05T13:04:57","date_gmt":"2025-03-05T13:04:57","guid":{"rendered":"https:\/\/blancoetcheverry.com\/v2025\/?page_id=2321"},"modified":"2025-08-27T18:33:52","modified_gmt":"2025-08-27T18:33:52","slug":"juan-carlos-blanco","status":"publish","type":"page","link":"https:\/\/blancoetcheverry.com\/v2025\/index.php\/juan-carlos-blanco\/","title":{"rendered":"Juan Carlos Blanco"},"content":{"rendered":"\t\t<div data-elementor-type=\"wp-page\" data-elementor-id=\"2321\" class=\"elementor elementor-2321\">\n\t\t\t\t<div class=\"elementor-element elementor-element-a290b22 e-con-full e-flex e-con e-parent\" data-id=\"a290b22\" data-element_type=\"container\">\n\t\t\t\t<div class=\"elementor-element elementor-element-5008baf elementor-widget__width-initial grid_gap-0 elementor-widget elementor-widget-gt3-core-team\" data-id=\"5008baf\" data-element_type=\"widget\" data-widget_type=\"gt3-core-team.default\">\n\t\t\t\t<div class=\"elementor-widget-container\">\n\t\t\t\t\t\t<div class=\"module_team type2\" data-post-index=\"1\">\r\n\t\t<div class=\"shortcode_team \">\r\n\t\t\t<div class=\"items1\">\r\n\t\t\t\t\t\t\t\t<ul class=\"item_list \">\r\n\t\t\t\t\t<li class=\"item-team-member socios\"><div class=\"item_wrapper\"><div class=\"item\"><div class=\"team_img featured_img\"><img decoding=\"async\"  srcset=\"https:\/\/blancoetcheverry.com\/v2025\/wp-content\/uploads\/2019\/09\/IMG_5877-2-scaled-e1747250363252-1920x1920.jpeg 1920w, https:\/\/blancoetcheverry.com\/v2025\/wp-content\/uploads\/2019\/09\/IMG_5877-2-scaled-e1747250363252-1600x1600.jpeg 1600w, https:\/\/blancoetcheverry.com\/v2025\/wp-content\/uploads\/2019\/09\/IMG_5877-2-scaled-e1747250363252-1200x1200.jpeg 1200w, https:\/\/blancoetcheverry.com\/v2025\/wp-content\/uploads\/2019\/09\/IMG_5877-2-scaled-e1747250363252-992x992.jpeg 992w, https:\/\/blancoetcheverry.com\/v2025\/wp-content\/uploads\/2019\/09\/IMG_5877-2-scaled-e1747250363252-768x768.jpeg 768w, https:\/\/blancoetcheverry.com\/v2025\/wp-content\/uploads\/2019\/09\/IMG_5877-2-scaled-e1747250363252-600x600.jpeg 600w,https:\/\/blancoetcheverry.com\/v2025\/wp-content\/uploads\/2019\/09\/IMG_5877-2-scaled-e1747250363252-420x420.jpeg 420w\" src=\"https:\/\/blancoetcheverry.com\/v2025\/wp-content\/uploads\/2019\/09\/IMG_5877-2-scaled-e1747250363252-1600x1600.jpeg\" sizes=\"(min-width: 1600px) 1920px, (min-width: 1200px) 1600px, (min-width: 992px) 1200px, (min-width: 768px) 992px, (min-width: 600px) 768px, (min-width: 420px) 600px, (max-width: 600px) 420px\" title=\"IMG_5877 2\"  alt=\"IMG_5877 2\" \/><\/div><div class=\"team_icons_wrapper\"><div class=\"member-icons\"><div class=\"team-icons\"><a href=\"#\" class=\"member-icon fa fa-linkedin\" ><span><\/span><\/a><\/div><\/div><\/div><div class=\"team-infobox\"><div class=\"team_title\"><div class=\"team_title_wrapper\"><h3 class=\"team_title__text\">Juan Carlos Blanco<\/h3><div class=\"team-positions\">A B O G A D O - S O C I O<\/div><\/div><\/div><div class=\"gt3_single_team_info\"><div class=\"gt3_single_team_info__item\"><h4>MAIL<\/h4><a href=\"http:\/\/jblanco@blancoetcheverry.com\" target=\"_blank\"><span>jblanco@blancoetcheverry.com<\/span><\/a><\/div><\/div><\/div><\/div><\/div><\/li>\t\t\t\t<\/ul>\r\n\t\t\t\t<div class=\"clear\"><\/div>\r\n\t\t\t<\/div>\r\n\t\t<\/div>\r\n\t\t\t<\/div>\r\n<script type=\"application\/json\" id=\"settings--5008baf\">{\"type\":\"type2\",\"pagination_en\":false,\"posts_per_line\":1,\"grid_gap\":\"0\",\"query\":{\"post_status\":[\"publish\"],\"post_type\":\"team\",\"posts_per_page\":\"1\",\"post__in\":[\"40\"],\"paged\":1},\"link_post\":\"\",\"custom_item_height\":\"\",\"show_social\":\"yes\",\"show_position\":\"yes\",\"show_title\":\"yes\",\"show_description\":\"yes\"}<\/script>\t\t\t\t<\/div>\n\t\t\t\t<\/div>\n\t\t\t\t<div class=\"elementor-element elementor-element-adb8f5e elementor-widget elementor-widget-spacer\" data-id=\"adb8f5e\" data-element_type=\"widget\" data-widget_type=\"spacer.default\">\n\t\t\t\t<div class=\"elementor-widget-container\">\n\t\t\t\t\t\t\t<div class=\"elementor-spacer\">\n\t\t\t<div class=\"elementor-spacer-inner\"><\/div>\n\t\t<\/div>\n\t\t\t\t\t\t<\/div>\n\t\t\t\t<\/div>\n\t\t<div class=\"elementor-element elementor-element-a3891a4 e-con-full e-flex e-con e-child\" data-id=\"a3891a4\" data-element_type=\"container\">\n\t\t<div class=\"elementor-element elementor-element-e0e7b9c e-con-full e-flex e-con e-child\" data-id=\"e0e7b9c\" data-element_type=\"container\">\n\t\t\t\t<div class=\"elementor-element-custom_font_family elementor-element-custom_font_weight elementor-element-custom_color elementor-element elementor-element-a7922f1 elementor-widget__width-initial elementor-widget elementor-widget-text-editor\" data-id=\"a7922f1\" data-element_type=\"widget\" data-widget_type=\"text-editor.default\">\n\t\t\t\t<div class=\"elementor-widget-container\">\n\t\t\t\t\t\t\t\t\t<div class=\"elementor-element elementor-element-2432dae elementor-widget elementor-widget-heading\" data-id=\"2432dae\" data-element_type=\"widget\" data-widget_type=\"heading.default\"><div class=\"elementor-widget-container\"><h3 class=\"elementor-heading-title elementor-size-default\">Experiencia<\/h3><\/div><\/div><div class=\"elementor-element-custom_font_family elementor-element-custom_font_weight elementor-element-custom_color elementor-element elementor-element-b72c953 elementor-widget elementor-widget-text-editor\" data-id=\"b72c953\" data-element_type=\"widget\" data-widget_type=\"text-editor.default\"><div class=\"elementor-widget-container\">\u00a0<\/div><\/div><div class=\"elementor-element-custom_font_family elementor-element-custom_font_weight elementor-element-custom_color elementor-element elementor-element-47d0a44 elementor-widget elementor-widget-text-editor\" data-id=\"47d0a44\" data-element_type=\"widget\" data-widget_type=\"text-editor.default\"><div class=\"elementor-widget-container\"><p><span>La pr\u00e1ctica de Juan Carlos se enfoca en proyectos de energ\u00eda, recursos naturales, agronegocios, transporte a\u00e9reo, log\u00edstica y construcci\u00f3n, as\u00ed como en un amplio espectro de procedimientos administrativos y contenciosos. <\/span><span><br \/><\/span><span>Es el jefe del Departamento de Energ\u00eda y Recursos Naturales. <\/span><span><br \/><\/span><span><br \/><\/span><span>Tiene una amplia experiencia con clientes corporativos y acuerdos de gran escala que involucran al sector p\u00fablico. En el campo de la energ\u00eda.<\/span><span><br \/><\/span><span><br \/><\/span><span>Tiene reconocida experiencia en regulaci\u00f3n energ\u00e9tica y negociaciones con dependencias p\u00fablicas relacionadas con el mercado energ\u00e9tico y la comercializaci\u00f3n de energ\u00eda (UTE, URSEA, ADME, Ministerio de Industria y Energ\u00eda, etc.). <\/span><span><br \/><\/span><span>Juan Carlos tambi\u00e9n asesora en todo lo relacionado con la adquisici\u00f3n y administraci\u00f3n de terminales de pago y gestiona la relaci\u00f3n jur\u00eddica de dicha empresa con el Banco Central, Ministerio de Econom\u00eda y la URSEC, incluyendo diversos procedimientos administrativos de diversa \u00edndole (defensa de la competencia, recursos administrativos, interconexi\u00f3n solicitudes, precios, etc.). <\/span><span><br \/><\/span><span><br \/><\/span><span>Tiene amplia experiencia en el \u00e1rea de sistemas de pagos, nuevas tecnolog\u00edas y Fintech. Brinda asesor\u00eda legal en temas de infraestructura, construcci\u00f3n y corporativos. <\/span><span><br \/><\/span><span><br \/><\/span><span>En particular, tiene marcada experiencia en todos los procesos administrativos relacionados con el transporte a\u00e9reo (DINACIA y Ministerio de la Defensa Nacional). Tambi\u00e9n ha tenido una intensa actividad profesional en las \u00e1reas de fusiones y adquisiciones, financiaci\u00f3n y estructuraci\u00f3n de proyectos.<\/span><\/p><\/div><\/div>\t\t\t\t\t\t\t\t<\/div>\n\t\t\t\t<\/div>\n\t\t\t\t<div class=\"elementor-element elementor-element-d2180a3 elementor-widget-divider--view-line elementor-widget elementor-widget-divider\" data-id=\"d2180a3\" data-element_type=\"widget\" data-widget_type=\"divider.default\">\n\t\t\t\t<div class=\"elementor-widget-container\">\n\t\t\t\t\t\t\t<div class=\"elementor-divider\">\n\t\t\t<span class=\"elementor-divider-separator\">\n\t\t\t\t\t\t<\/span>\n\t\t<\/div>\n\t\t\t\t\t\t<\/div>\n\t\t\t\t<\/div>\n\t\t\t\t<div class=\"elementor-element-custom_font_family elementor-element-custom_font_weight elementor-element-custom_color elementor-element elementor-element-6ce52e5 elementor-widget elementor-widget-text-editor\" data-id=\"6ce52e5\" data-element_type=\"widget\" data-widget_type=\"text-editor.default\">\n\t\t\t\t<div class=\"elementor-widget-container\">\n\t\t\t\t\t\t\t\t\t<h4><b>\u00c1REAS DE PR\u00c1CTICA E INDUSTRIAS<\/b><b><\/b><\/h4><ul><li aria-level=\"1\"><span>Energ\u00eda<\/span><\/li><li aria-level=\"1\"><span>Forestal<\/span><\/li><li aria-level=\"1\"><span>Agronegocios<\/span><\/li><li aria-level=\"1\"><span>Seguridad Social y Laboral<\/span><\/li><li aria-level=\"1\"><span>Litigios<\/span><\/li><li aria-level=\"1\"><span>Derecho Ambiental<\/span><\/li><li aria-level=\"1\"><span>Aviaci\u00f3n<\/span><\/li><\/ul>\t\t\t\t\t\t\t\t<\/div>\n\t\t\t\t<\/div>\n\t\t\t\t<\/div>\n\t\t<div class=\"elementor-element elementor-element-107401b e-con-full e-flex e-con e-child\" data-id=\"107401b\" data-element_type=\"container\">\n\t\t\t\t<div class=\"elementor-element-custom_font_family elementor-element-custom_font_weight elementor-element-custom_color elementor-element elementor-element-204d44b elementor-widget elementor-widget-text-editor\" data-id=\"204d44b\" data-element_type=\"widget\" data-widget_type=\"text-editor.default\">\n\t\t\t\t<div class=\"elementor-widget-container\">\n\t\t\t\t\t\t\t\t\t<p><b>REFERENCIAS Y RECONOCIMIENTOS<\/b><b><\/b><\/p><ul><li><span>Chambers &amp; Partners\u00a0<\/span><\/li><li><span>Legal 500\u00a0<\/span><\/li><li><span><span><span>Leaders League<\/span><\/span><\/span><\/li><\/ul>\t\t\t\t\t\t\t\t<\/div>\n\t\t\t\t<\/div>\n\t\t\t\t<div class=\"elementor-element elementor-element-a61dc4a elementor-widget-divider--view-line elementor-widget elementor-widget-divider\" data-id=\"a61dc4a\" data-element_type=\"widget\" data-widget_type=\"divider.default\">\n\t\t\t\t<div class=\"elementor-widget-container\">\n\t\t\t\t\t\t\t<div class=\"elementor-divider\">\n\t\t\t<span class=\"elementor-divider-separator\">\n\t\t\t\t\t\t<\/span>\n\t\t<\/div>\n\t\t\t\t\t\t<\/div>\n\t\t\t\t<\/div>\n\t\t\t\t<div class=\"elementor-element-custom_font_family elementor-element-custom_font_weight elementor-element-custom_color elementor-element elementor-element-b06d030 elementor-widget elementor-widget-text-editor\" data-id=\"b06d030\" data-element_type=\"widget\" data-widget_type=\"text-editor.default\">\n\t\t\t\t<div class=\"elementor-widget-container\">\n\t\t\t\t\t\t\t\t\t<p><b>EDUCACI\u00d3N<\/b><\/p><p>Doctor en Derecho y Ciencias Sociales, Universidad de la Rep\u00fablica (Uruguay).<\/p><ul><li aria-level=\"1\"><span>Maestr\u00eda (LLM) en Derecho Empresarial, American University (Washington D.C., EE.UU).<\/span><br \/><p style=\"margin-bottom: 0px; padding-bottom: 1em; border: 0px; outline: 0px; font-size: 16px; vertical-align: baseline; background: none; line-height: 1.5em; caret-color: #666666; color: #666666; font-family: 'Open Sans', Arial, sans-serif;\">\u00a0<\/p><p style=\"margin-bottom: 0px; padding-bottom: 1em; border: 0px; outline: 0px; font-size: 16px; vertical-align: baseline; background: none; line-height: 1.5em; caret-color: #666666; color: #666666; font-family: 'Open Sans', Arial, sans-serif;\"><b style=\"margin: 0px; padding: 0px; border: 0px; outline: 0px; vertical-align: baseline; background: none;\">MEMBRES\u00cdAS<\/b><b style=\"margin: 0px; padding: 0px; border: 0px; outline: 0px; vertical-align: baseline; background: none;\"><\/b><\/p><ul style=\"margin-top: 0px; padding-bottom: 23px; padding-left: 1em; border: 0px; outline: 0px; font-size: 16px; vertical-align: baseline; background: none; list-style: outside; line-height: 26px; caret-color: #666666; color: #666666; font-family: 'Open Sans', Arial, sans-serif;\"><li style=\"border: 0px; outline: 0px; vertical-align: baseline; background: none;\" aria-level=\"1\"><span style=\"margin: 0px; padding: 0px; border: 0px; outline: 0px; vertical-align: baseline; background: none;\">Miembro de la American Bar Association \u2013 Secci\u00f3n Internacional Derecho<\/span><\/li><li style=\"padding-bottom: 0px; border: 0px; outline: 0px; vertical-align: baseline; background: none;\" aria-level=\"1\"><span style=\"margin: 0px; padding: 0px; border: 0px; outline: 0px; vertical-align: baseline; background: none;\">Miembro del Colegio de Abogados\u00a0<\/span><br \/><h4 style=\"padding-bottom: 1em; border: 0px; outline: 0px; font-size: 16px; vertical-align: baseline; background: none; line-height: 1.5em; color: #666666; font-family: 'Open Sans', Arial, sans-serif;\">\u00a0<\/h4><h4 style=\"padding-bottom: 1em; border: 0px; outline: 0px; font-size: 16px; vertical-align: baseline; background: none; line-height: 1.5em; color: #666666; font-family: 'Open Sans', Arial, sans-serif;\"><b style=\"margin: 0px; padding: 0px; border: 0px; outline: 0px; vertical-align: baseline; background: none;\">IDIOMAS<\/b><b style=\"margin: 0px; padding: 0px; border: 0px; outline: 0px; vertical-align: baseline; background: none;\"><\/b><\/h4><ul style=\"margin-top: 0px; padding-bottom: 23px; padding-left: 1em; border: 0px; outline: 0px; vertical-align: baseline; background: none; list-style: outside; line-height: 26px;\"><li style=\"padding-bottom: 0px; border: 0px; outline: 0px; vertical-align: baseline; background: none;\" aria-level=\"1\"><span style=\"margin: 0px; padding: 0px; border: 0px; outline: 0px; vertical-align: baseline; background: none;\">Espa\u00f1ol<\/span><\/li><li style=\"padding-bottom: 0px; border: 0px; outline: 0px; vertical-align: baseline; background: none;\" aria-level=\"1\"><span style=\"margin: 0px; padding: 0px; border: 0px; outline: 0px; vertical-align: baseline; background: none;\">Ingl\u00e9s<\/span><\/li><\/ul><\/li><\/ul><\/li><\/ul>\t\t\t\t\t\t\t\t<\/div>\n\t\t\t\t<\/div>\n\t\t\t\t<\/div>\n\t\t\t\t<\/div>\n\t\t\t\t<\/div>\n\t\t<div class=\"elementor-element elementor-element-2d9de53 e-flex e-con-boxed e-con e-parent\" data-id=\"2d9de53\" data-element_type=\"container\">\n\t\t\t\t\t<div class=\"e-con-inner\">\n\t\t\t\t\t<\/div>\n\t\t\t\t<\/div>\n\t\t\t\t<\/div>\n\t\t","protected":false},"excerpt":{"rendered":"<p>Juan Carlos Blanco A B O G A D O | S O C I O MAIL jblanco@blancoetcheverry.com Experiencia \u00a0 La pr\u00e1ctica de Juan Carlos se enfoca en proyectos de energ\u00eda, recursos naturales, agronegocios, transporte a\u00e9reo, log\u00edstica y construcci\u00f3n, as\u00ed como en un amplio espectro de procedimientos administrativos y contenciosos. Es el jefe del Departamento [&hellip;]<\/p>\n","protected":false},"author":1,"featured_media":0,"parent":0,"menu_order":0,"comment_status":"closed","ping_status":"closed","template":"","meta":{"footnotes":""},"class_list":["post-2321","page","type-page","status-publish","hentry"],"_links":{"self":[{"href":"https:\/\/blancoetcheverry.com\/v2025\/index.php\/wp-json\/wp\/v2\/pages\/2321","targetHints":{"allow":["GET"]}}],"collection":[{"href":"https:\/\/blancoetcheverry.com\/v2025\/index.php\/wp-json\/wp\/v2\/pages"}],"about":[{"href":"https:\/\/blancoetcheverry.com\/v2025\/index.php\/wp-json\/wp\/v2\/types\/page"}],"author":[{"embeddable":true,"href":"https:\/\/blancoetcheverry.com\/v2025\/index.php\/wp-json\/wp\/v2\/users\/1"}],"replies":[{"embeddable":true,"href":"https:\/\/blancoetcheverry.com\/v2025\/index.php\/wp-json\/wp\/v2\/comments?post=2321"}],"version-history":[{"count":30,"href":"https:\/\/blancoetcheverry.com\/v2025\/index.php\/wp-json\/wp\/v2\/pages\/2321\/revisions"}],"predecessor-version":[{"id":3295,"href":"https:\/\/blancoetcheverry.com\/v2025\/index.php\/wp-json\/wp\/v2\/pages\/2321\/revisions\/3295"}],"wp:attachment":[{"href":"https:\/\/blancoetcheverry.com\/v2025\/index.php\/wp-json\/wp\/v2\/media?parent=2321"}],"curies":[{"name":"wp","href":"https:\/\/api.w.org\/{rel}","templated":true}]}}