{"id":2540,"date":"2025-03-05T14:33:25","date_gmt":"2025-03-05T14:33:25","guid":{"rendered":"https:\/\/blancoetcheverry.com\/v2025\/?page_id=2540"},"modified":"2025-08-27T18:35:37","modified_gmt":"2025-08-27T18:35:37","slug":"maria-emilia-zaglio","status":"publish","type":"page","link":"https:\/\/blancoetcheverry.com\/v2025\/index.php\/maria-emilia-zaglio\/","title":{"rendered":"Mar\u00eda Emilia Zaglio"},"content":{"rendered":"\t\t<div data-elementor-type=\"wp-page\" data-elementor-id=\"2540\" class=\"elementor elementor-2540\">\n\t\t\t\t<div class=\"elementor-element elementor-element-ba91bcd e-con-full e-flex e-con e-parent\" data-id=\"ba91bcd\" data-element_type=\"container\">\n\t\t\t\t<div class=\"elementor-element elementor-element-a632e83 elementor-widget__width-initial grid_gap-0 elementor-widget elementor-widget-gt3-core-team\" data-id=\"a632e83\" data-element_type=\"widget\" data-widget_type=\"gt3-core-team.default\">\n\t\t\t\t<div class=\"elementor-widget-container\">\n\t\t\t\t\t\t<div class=\"module_team type2\" data-post-index=\"1\">\r\n\t\t<div class=\"shortcode_team \">\r\n\t\t\t<div class=\"items1\">\r\n\t\t\t\t\t\t\t\t<ul class=\"item_list \">\r\n\t\t\t\t\t<li class=\"item-team-member abogados\"><div class=\"item_wrapper\"><div class=\"item\"><div class=\"team_img featured_img\"><img decoding=\"async\"  srcset=\"https:\/\/blancoetcheverry.com\/v2025\/wp-content\/uploads\/2019\/09\/Maria-Emilia-Zaglio2-e1747250704815-1920x1920.jpg 1920w, https:\/\/blancoetcheverry.com\/v2025\/wp-content\/uploads\/2019\/09\/Maria-Emilia-Zaglio2-e1747250704815-1600x1600.jpg 1600w, https:\/\/blancoetcheverry.com\/v2025\/wp-content\/uploads\/2019\/09\/Maria-Emilia-Zaglio2-e1747250704815-1200x1200.jpg 1200w, https:\/\/blancoetcheverry.com\/v2025\/wp-content\/uploads\/2019\/09\/Maria-Emilia-Zaglio2-e1747250704815-992x992.jpg 992w, https:\/\/blancoetcheverry.com\/v2025\/wp-content\/uploads\/2019\/09\/Maria-Emilia-Zaglio2-e1747250704815-768x768.jpg 768w, https:\/\/blancoetcheverry.com\/v2025\/wp-content\/uploads\/2019\/09\/Maria-Emilia-Zaglio2-e1747250704815-600x600.jpg 600w,https:\/\/blancoetcheverry.com\/v2025\/wp-content\/uploads\/2019\/09\/Maria-Emilia-Zaglio2-e1747250704815-420x420.jpg 420w\" src=\"https:\/\/blancoetcheverry.com\/v2025\/wp-content\/uploads\/2019\/09\/Maria-Emilia-Zaglio2-e1747250704815-1600x1600.jpg\" sizes=\"(min-width: 1600px) 1920px, (min-width: 1200px) 1600px, (min-width: 992px) 1200px, (min-width: 768px) 992px, (min-width: 600px) 768px, (min-width: 420px) 600px, (max-width: 600px) 420px\" title=\"Maria-Emilia-Zaglio2\"  alt=\"Maria-Emilia-Zaglio2\" \/><\/div><div class=\"team_icons_wrapper\"><div class=\"member-icons\"><div class=\"team-icons\"><a href=\"#\" class=\"member-icon fa fa-linkedin\" ><span><\/span><\/a><\/div><\/div><\/div><div class=\"team-infobox\"><div class=\"team_title\"><div class=\"team_title_wrapper\"><h3 class=\"team_title__text\">Maria Emilia Zaglio<\/h3><div class=\"team-positions\">A B O G A D A - SOCIA<\/div><\/div><\/div><div class=\"gt3_single_team_info\"><div class=\"gt3_single_team_info__item\"><h4>MAIL<\/h4><a href=\"http:\/\/mzaglio@blancoetcheverry.com\" target=\"_blank\"><span>mzaglio@blancoetcheverry.com<\/span><\/a><\/div><\/div><\/div><\/div><\/div><\/li>\t\t\t\t<\/ul>\r\n\t\t\t\t<div class=\"clear\"><\/div>\r\n\t\t\t<\/div>\r\n\t\t<\/div>\r\n\t\t\t<\/div>\r\n<script type=\"application\/json\" id=\"settings--a632e83\">{\"type\":\"type2\",\"pagination_en\":false,\"posts_per_line\":1,\"grid_gap\":\"0\",\"query\":{\"post_status\":[\"publish\"],\"post_type\":\"team\",\"posts_per_page\":\"1\",\"post__in\":[\"748\"],\"paged\":1},\"link_post\":\"\",\"custom_item_height\":\"\",\"show_social\":\"yes\",\"show_position\":\"yes\",\"show_title\":\"yes\",\"show_description\":\"yes\"}<\/script>\t\t\t\t<\/div>\n\t\t\t\t<\/div>\n\t\t\t\t<div class=\"elementor-element elementor-element-3c570f2 elementor-widget elementor-widget-spacer\" data-id=\"3c570f2\" data-element_type=\"widget\" data-widget_type=\"spacer.default\">\n\t\t\t\t<div class=\"elementor-widget-container\">\n\t\t\t\t\t\t\t<div class=\"elementor-spacer\">\n\t\t\t<div class=\"elementor-spacer-inner\"><\/div>\n\t\t<\/div>\n\t\t\t\t\t\t<\/div>\n\t\t\t\t<\/div>\n\t\t<div class=\"elementor-element elementor-element-bd80973 e-con-full e-flex e-con e-child\" data-id=\"bd80973\" data-element_type=\"container\">\n\t\t\t\t<div class=\"elementor-element-custom_font_family elementor-element-custom_font_weight elementor-element-custom_color elementor-element elementor-element-da970c9 elementor-widget__width-initial elementor-widget elementor-widget-text-editor\" data-id=\"da970c9\" data-element_type=\"widget\" data-widget_type=\"text-editor.default\">\n\t\t\t\t<div class=\"elementor-widget-container\">\n\t\t\t\t\t\t\t\t\t<div class=\"elementor-element elementor-element-2432dae elementor-widget elementor-widget-heading\" data-id=\"2432dae\" data-element_type=\"widget\" data-widget_type=\"heading.default\"><div class=\"elementor-widget-container\"><h3 class=\"elementor-heading-title elementor-size-default\"><strong>Experiencia:<br \/><br \/><\/strong><\/h3><p><span>Desde 2015 es profesora titular de la c\u00e1tedra de Derecho de las Obligaciones de la Universidad de Montevideo, en la que hab\u00eda sido aspirante desde 2006. Tambi\u00e9n fue aspirante en la c\u00e1tedra de Responsabilidad Civil de la Universidad de Montevideo desde el 2005 al 2012.\u00a0<\/span><\/p><p><span>Es integrante del grupo de Derecho Civil\u00a0de investigaci\u00f3n\u00a0de la Universidad de Montevideo. Con otros profesores de la c\u00e1tedra de Derecho Civil\u00a0y el grupo de investigaci\u00f3n, public\u00f3\u00a0Derecho Jurisprudencial-\u00c1rea Derecho Civil\u00a0en el 2016, primer estudio en jurisprudencia uruguaya que se basa en el Restatement del American Law Institute.\u00a0<\/span><\/p><p><span>Tambi\u00e9n colabor\u00f3 en otras publicaciones, como el Manual de Contratos (Tomo I) de la Dra.\u00a0Beatriz Venturini y otros autores, publicado por la Universidad de Montevideo en 2015.\u00a0Ha sido distinguida en Chambers &amp; Partners 2019 como \u00abassociate to wach\u00bb en el \u00e1rea de Corporativo y M&amp;A.<\/span><\/p><\/div><\/div>\t\t\t\t\t\t\t\t<\/div>\n\t\t\t\t<\/div>\n\t\t\t\t<div class=\"elementor-element elementor-element-14a2990 elementor-widget-divider--view-line elementor-widget elementor-widget-divider\" data-id=\"14a2990\" data-element_type=\"widget\" data-widget_type=\"divider.default\">\n\t\t\t\t<div class=\"elementor-widget-container\">\n\t\t\t\t\t\t\t<div class=\"elementor-divider\">\n\t\t\t<span class=\"elementor-divider-separator\">\n\t\t\t\t\t\t<\/span>\n\t\t<\/div>\n\t\t\t\t\t\t<\/div>\n\t\t\t\t<\/div>\n\t\t\t\t<div class=\"elementor-element-custom_font_family elementor-element-custom_font_weight elementor-element-custom_color elementor-element elementor-element-3f1fb0b elementor-widget elementor-widget-text-editor\" data-id=\"3f1fb0b\" data-element_type=\"widget\" data-widget_type=\"text-editor.default\">\n\t\t\t\t<div class=\"elementor-widget-container\">\n\t\t\t\t\t\t\t\t\t<h4><b>\u00c1REAS DE PR\u00c1CTICA E INDUSTRIAS:<\/b><b><\/b><\/h4><ul><li aria-level=\"1\"><span>Corporativo<\/span><\/li><li aria-level=\"1\"><span>M&amp;A<\/span><\/li><li aria-level=\"1\"><span>Civil<\/span><\/li><li aria-level=\"1\"><span>Asesoramiento antimonopolio y competencia<\/span><\/li><li aria-level=\"1\"><span>Derecho Contractual<\/span><\/li><li aria-level=\"1\"><span>Proyectos de inversi\u00f3n y construcci\u00f3n<\/span><\/li><li aria-level=\"1\"><span>Energ\u00eda (incl. Hidr\u00f3geno y PtX)<\/span><\/li><li>\u00a0<\/li><\/ul>\t\t\t\t\t\t\t\t<\/div>\n\t\t\t\t<\/div>\n\t\t\t\t<\/div>\n\t\t<div class=\"elementor-element elementor-element-42f2934 e-con-full e-flex e-con e-child\" data-id=\"42f2934\" data-element_type=\"container\">\n\t\t\t\t<div class=\"elementor-element-custom_font_family elementor-element-custom_font_weight elementor-element-custom_color elementor-element elementor-element-5ccf4c4 elementor-widget elementor-widget-text-editor\" data-id=\"5ccf4c4\" data-element_type=\"widget\" data-widget_type=\"text-editor.default\">\n\t\t\t\t<div class=\"elementor-widget-container\">\n\t\t\t\t\t\t\t\t\t<ul><li><b>REFERENCIAS Y RECONOCIMIENTOS:<br \/><\/b><b><\/b><\/li><li><span>Chambers &amp; Partners\u00a0<\/span><\/li><li><span>Legal 500\u00a0<\/span><\/li><li><span><span><span>Leaders League<\/span><\/span><\/span><\/li><\/ul>\t\t\t\t\t\t\t\t<\/div>\n\t\t\t\t<\/div>\n\t\t\t\t<div class=\"elementor-element elementor-element-7a47e06 elementor-widget-divider--view-line elementor-widget elementor-widget-divider\" data-id=\"7a47e06\" data-element_type=\"widget\" data-widget_type=\"divider.default\">\n\t\t\t\t<div class=\"elementor-widget-container\">\n\t\t\t\t\t\t\t<div class=\"elementor-divider\">\n\t\t\t<span class=\"elementor-divider-separator\">\n\t\t\t\t\t\t<\/span>\n\t\t<\/div>\n\t\t\t\t\t\t<\/div>\n\t\t\t\t<\/div>\n\t\t\t\t<div class=\"elementor-element-custom_font_family elementor-element-custom_font_weight elementor-element-custom_color elementor-element elementor-element-093a742 elementor-widget elementor-widget-text-editor\" data-id=\"093a742\" data-element_type=\"widget\" data-widget_type=\"text-editor.default\">\n\t\t\t\t<div class=\"elementor-widget-container\">\n\t\t\t\t\t\t\t\t\t<p><b>EDUCACI\u00d3N:<\/b><b><\/b><\/p><ul><li aria-level=\"1\"><span>Doctora en Derecho,\u00a0Universidad de Montevideo (Uruguay), 2004.\u00a0<\/span><\/li><li aria-level=\"1\"><span>Especialista en Derecho Contractual, en el LLM con \u00e9nfasis en Derecho Contractual Civil, Universidad Cat\u00f3lica del Uruguay, 2021.<\/span><span><span><span><\/span><\/span><\/span><br \/><ul style=\"margin-top: 0px; padding-bottom: 23px; padding-left: 1em; border: 0px; outline: 0px; font-size: 16px; vertical-align: baseline; background: none; list-style: outside; line-height: 26px; caret-color: #666666; color: #666666; font-family: 'Open Sans', Arial, sans-serif;\"><li style=\"padding-bottom: 0px; border: 0px; outline: 0px; vertical-align: baseline; background: none;\" aria-level=\"1\"><h4 style=\"padding-bottom: 1em; border: 0px; outline: 0px; font-size: 16px; vertical-align: baseline; background: none; line-height: 1.5em; color: #666666; font-family: 'Open Sans', Arial, sans-serif;\"><b style=\"margin: 0px; padding: 0px; border: 0px; outline: 0px; vertical-align: baseline; background: none;\">IDIOMAS:<\/b><\/h4><ul style=\"margin-top: 0px; padding-bottom: 23px; padding-left: 1em; border: 0px; outline: 0px; vertical-align: baseline; background: none; list-style: outside; line-height: 26px;\"><li style=\"padding-bottom: 0px; border: 0px; outline: 0px; vertical-align: baseline; background: none;\" aria-level=\"1\"><span style=\"margin: 0px; padding: 0px; border: 0px; outline: 0px; vertical-align: baseline; background: none;\">Ingl\u00e9s<\/span><\/li><li style=\"padding-bottom: 0px; border: 0px; outline: 0px; vertical-align: baseline; background: none;\" aria-level=\"1\">Espa\u00f1ol<\/li><\/ul><\/li><\/ul><\/li><\/ul>\t\t\t\t\t\t\t\t<\/div>\n\t\t\t\t<\/div>\n\t\t\t\t<\/div>\n\t\t\t\t<\/div>\n\t\t\t\t<\/div>\n\t\t","protected":false},"excerpt":{"rendered":"<p>Maria Emilia Zaglio A B O G A D A MAIL mzaglio@blancoetcheverry.com Experiencia: Desde 2015 es profesora titular de la c\u00e1tedra de Derecho de las Obligaciones de la Universidad de Montevideo, en la que hab\u00eda sido aspirante desde 2006. Tambi\u00e9n fue aspirante en la c\u00e1tedra de Responsabilidad Civil de la Universidad de Montevideo desde el [&hellip;]<\/p>\n","protected":false},"author":1,"featured_media":0,"parent":0,"menu_order":0,"comment_status":"closed","ping_status":"closed","template":"elementor_header_footer","meta":{"footnotes":""},"class_list":["post-2540","page","type-page","status-publish","hentry"],"_links":{"self":[{"href":"https:\/\/blancoetcheverry.com\/v2025\/index.php\/wp-json\/wp\/v2\/pages\/2540","targetHints":{"allow":["GET"]}}],"collection":[{"href":"https:\/\/blancoetcheverry.com\/v2025\/index.php\/wp-json\/wp\/v2\/pages"}],"about":[{"href":"https:\/\/blancoetcheverry.com\/v2025\/index.php\/wp-json\/wp\/v2\/types\/page"}],"author":[{"embeddable":true,"href":"https:\/\/blancoetcheverry.com\/v2025\/index.php\/wp-json\/wp\/v2\/users\/1"}],"replies":[{"embeddable":true,"href":"https:\/\/blancoetcheverry.com\/v2025\/index.php\/wp-json\/wp\/v2\/comments?post=2540"}],"version-history":[{"count":19,"href":"https:\/\/blancoetcheverry.com\/v2025\/index.php\/wp-json\/wp\/v2\/pages\/2540\/revisions"}],"predecessor-version":[{"id":3307,"href":"https:\/\/blancoetcheverry.com\/v2025\/index.php\/wp-json\/wp\/v2\/pages\/2540\/revisions\/3307"}],"wp:attachment":[{"href":"https:\/\/blancoetcheverry.com\/v2025\/index.php\/wp-json\/wp\/v2\/media?parent=2540"}],"curies":[{"name":"wp","href":"https:\/\/api.w.org\/{rel}","templated":true}]}}

María Emilia Zaglio

<div data-elementor-type="wp-page" data-elementor-id="2540" class="elementor elementor-2540">
				<div class="elementor-element elementor-element-ba91bcd e-con-full e-flex e-con e-parent" data-id="ba91bcd" data-element_type="container">
				<div class="elementor-element elementor-element-a632e83 elementor-widget__width-initial grid_gap-0 elementor-widget elementor-widget-gt3-core-team" data-id="a632e83" data-element_type="widget" data-widget_type="gt3-core-team.default">
				<div class="elementor-widget-container">
						<div class="module_team type2" data-post-index="1">
		<div class="shortcode_team ">
			<div class="items1">
								<ul class="item_list ">
					<li class="item-team-member abogados"><div class="item_wrapper"><div class="item"><div class="team_img featured_img"><img decoding="async"  srcset="https://blancoetcheverry.com/v2025/wp-content/uploads/2019/09/Maria-Emilia-Zaglio2-e1747250704815-1920x1920.jpg 1920w, https://blancoetcheverry.com/v2025/wp-content/uploads/2019/09/Maria-Emilia-Zaglio2-e1747250704815-1600x1600.jpg 1600w, https://blancoetcheverry.com/v2025/wp-content/uploads/2019/09/Maria-Emilia-Zaglio2-e1747250704815-1200x1200.jpg 1200w, https://blancoetcheverry.com/v2025/wp-content/uploads/2019/09/Maria-Emilia-Zaglio2-e1747250704815-992x992.jpg 992w, https://blancoetcheverry.com/v2025/wp-content/uploads/2019/09/Maria-Emilia-Zaglio2-e1747250704815-768x768.jpg 768w, https://blancoetcheverry.com/v2025/wp-content/uploads/2019/09/Maria-Emilia-Zaglio2-e1747250704815-600x600.jpg 600w,https://blancoetcheverry.com/v2025/wp-content/uploads/2019/09/Maria-Emilia-Zaglio2-e1747250704815-420x420.jpg 420w" src="https://blancoetcheverry.com/v2025/wp-content/uploads/2019/09/Maria-Emilia-Zaglio2-e1747250704815-1600x1600.jpg" sizes="(min-width: 1600px) 1920px, (min-width: 1200px) 1600px, (min-width: 992px) 1200px, (min-width: 768px) 992px, (min-width: 600px) 768px, (min-width: 420px) 600px, (max-width: 600px) 420px" title="Maria-Emilia-Zaglio2"  alt="Maria-Emilia-Zaglio2" /></div><div class="team_icons_wrapper"><div class="member-icons"><div class="team-icons"><a href="#" class="member-icon fa fa-linkedin" ><span></span></a></div></div></div><div class="team-infobox"><div class="team_title"><div class="team_title_wrapper"><h3 class="team_title__text">Maria Emilia Zaglio</h3><div class="team-positions">A B O G A D A - SOCIA</div></div></div><div class="gt3_single_team_info"><div class="gt3_single_team_info__item"><h4>MAIL</h4><a href="http://mzaglio@blancoetcheverry.com" target="_blank"><span>mzaglio@blancoetcheverry.com</span></a></div></div></div></div></div></li>				</ul>
				<div class="clear"></div>
			</div>
		</div>
			</div>
<script type="application/json" id="settings--a632e83">{"type":"type2","pagination_en":false,"posts_per_line":1,"grid_gap":"0","query":{"post_status":["publish"],"post_type":"team","posts_per_page":"1","post__in":["748"],"paged":1},"link_post":"","custom_item_height":"","show_social":"yes","show_position":"yes","show_title":"yes","show_description":"yes"}</script>				</div>
				</div>
				<div class="elementor-element elementor-element-3c570f2 elementor-widget elementor-widget-spacer" data-id="3c570f2" data-element_type="widget" data-widget_type="spacer.default">
				<div class="elementor-widget-container">
							<div class="elementor-spacer">
			<div class="elementor-spacer-inner"></div>
		</div>
						</div>
				</div>
		<div class="elementor-element elementor-element-bd80973 e-con-full e-flex e-con e-child" data-id="bd80973" data-element_type="container">
				<div class="elementor-element-custom_font_family elementor-element-custom_font_weight elementor-element-custom_color elementor-element elementor-element-da970c9 elementor-widget__width-initial elementor-widget elementor-widget-text-editor" data-id="da970c9" data-element_type="widget" data-widget_type="text-editor.default">
				<div class="elementor-widget-container">
									<div class="elementor-element elementor-element-2432dae elementor-widget elementor-widget-heading" data-id="2432dae" data-element_type="widget" data-widget_type="heading.default"><div class="elementor-widget-container"><h3 class="elementor-heading-title elementor-size-default"><strong>Experiencia:<br /><br /></strong></h3><p><span>Desde 2015 es profesora titular de la cátedra de Derecho de las Obligaciones de la Universidad de Montevideo, en la que había sido aspirante desde 2006. También fue aspirante en la cátedra de Responsabilidad Civil de la Universidad de Montevideo desde el 2005 al 2012. </span></p><p><span>Es integrante del grupo de Derecho Civil de investigación de la Universidad de Montevideo. Con otros profesores de la cátedra de Derecho Civil y el grupo de investigación, publicó Derecho Jurisprudencial-Área Derecho Civil en el 2016, primer estudio en jurisprudencia uruguaya que se basa en el Restatement del American Law Institute. </span></p><p><span>También colaboró en otras publicaciones, como el Manual de Contratos (Tomo I) de la Dra. Beatriz Venturini y otros autores, publicado por la Universidad de Montevideo en 2015. Ha sido distinguida en Chambers &amp; Partners 2019 como «associate to wach» en el área de Corporativo y M&amp;A.</span></p></div></div>								</div>
				</div>
				<div class="elementor-element elementor-element-14a2990 elementor-widget-divider--view-line elementor-widget elementor-widget-divider" data-id="14a2990" data-element_type="widget" data-widget_type="divider.default">
				<div class="elementor-widget-container">
							<div class="elementor-divider">
			<span class="elementor-divider-separator">
						</span>
		</div>
						</div>
				</div>
				<div class="elementor-element-custom_font_family elementor-element-custom_font_weight elementor-element-custom_color elementor-element elementor-element-3f1fb0b elementor-widget elementor-widget-text-editor" data-id="3f1fb0b" data-element_type="widget" data-widget_type="text-editor.default">
				<div class="elementor-widget-container">
									<h4><b>ÁREAS DE PRÁCTICA E INDUSTRIAS:</b><b></b></h4><ul><li aria-level="1"><span>Corporativo</span></li><li aria-level="1"><span>M&amp;A</span></li><li aria-level="1"><span>Civil</span></li><li aria-level="1"><span>Asesoramiento antimonopolio y competencia</span></li><li aria-level="1"><span>Derecho Contractual</span></li><li aria-level="1"><span>Proyectos de inversión y construcción</span></li><li aria-level="1"><span>Energía (incl. Hidrógeno y PtX)</span></li><li> </li></ul>								</div>
				</div>
				</div>
		<div class="elementor-element elementor-element-42f2934 e-con-full e-flex e-con e-child" data-id="42f2934" data-element_type="container">
				<div class="elementor-element-custom_font_family elementor-element-custom_font_weight elementor-element-custom_color elementor-element elementor-element-5ccf4c4 elementor-widget elementor-widget-text-editor" data-id="5ccf4c4" data-element_type="widget" data-widget_type="text-editor.default">
				<div class="elementor-widget-container">
									<ul><li><b>REFERENCIAS Y RECONOCIMIENTOS:<br /></b><b></b></li><li><span>Chambers &amp; Partners </span></li><li><span>Legal 500 </span></li><li><span><span><span>Leaders League</span></span></span></li></ul>								</div>
				</div>
				<div class="elementor-element elementor-element-7a47e06 elementor-widget-divider--view-line elementor-widget elementor-widget-divider" data-id="7a47e06" data-element_type="widget" data-widget_type="divider.default">
				<div class="elementor-widget-container">
							<div class="elementor-divider">
			<span class="elementor-divider-separator">
						</span>
		</div>
						</div>
				</div>
				<div class="elementor-element-custom_font_family elementor-element-custom_font_weight elementor-element-custom_color elementor-element elementor-element-093a742 elementor-widget elementor-widget-text-editor" data-id="093a742" data-element_type="widget" data-widget_type="text-editor.default">
				<div class="elementor-widget-container">
									<p><b>EDUCACIÓN:</b><b></b></p><ul><li aria-level="1"><span>Doctora en Derecho, Universidad de Montevideo (Uruguay), 2004. </span></li><li aria-level="1"><span>Especialista en Derecho Contractual, en el LLM con énfasis en Derecho Contractual Civil, Universidad Católica del Uruguay, 2021.</span><span><span><span></span></span></span><br /><ul style="margin-top: 0px; padding-bottom: 23px; padding-left: 1em; border: 0px; outline: 0px; font-size: 16px; vertical-align: baseline; background: none; list-style: outside; line-height: 26px; caret-color: #666666; color: #666666; font-family: 'Open Sans', Arial, sans-serif;"><li style="padding-bottom: 0px; border: 0px; outline: 0px; vertical-align: baseline; background: none;" aria-level="1"><h4 style="padding-bottom: 1em; border: 0px; outline: 0px; font-size: 16px; vertical-align: baseline; background: none; line-height: 1.5em; color: #666666; font-family: 'Open Sans', Arial, sans-serif;"><b style="margin: 0px; padding: 0px; border: 0px; outline: 0px; vertical-align: baseline; background: none;">IDIOMAS:</b></h4><ul style="margin-top: 0px; padding-bottom: 23px; padding-left: 1em; border: 0px; outline: 0px; vertical-align: baseline; background: none; list-style: outside; line-height: 26px;"><li style="padding-bottom: 0px; border: 0px; outline: 0px; vertical-align: baseline; background: none;" aria-level="1"><span style="margin: 0px; padding: 0px; border: 0px; outline: 0px; vertical-align: baseline; background: none;">Inglés</span></li><li style="padding-bottom: 0px; border: 0px; outline: 0px; vertical-align: baseline; background: none;" aria-level="1">Español</li></ul></li></ul></li></ul>								</div>
				</div>
				</div>
				</div>
				</div>

<p>Maria Emilia Zaglio A B O G A D A MAIL mzaglio@blancoetcheverry.com Experiencia: Desde 2015 es profesora titular de la cátedra de Derecho de las Obligaciones de la Universidad de Montevideo, en la que había sido aspirante desde 2006. También fue aspirante en la cátedra de Responsabilidad Civil de la Universidad de Montevideo desde el [&hellip;]</p>
